tors of j.
17, 983
List the prime factors of (2 - (-102)/(-2))*(-20 + -61).
3, 7
Let s(y) = 10*y - 150. Let q be s(15). Suppose q = -10*r + 631 + 1939. List the prime factors of r.
257
Let u(m) = -m**3 + 5*m**2 - 4*m - 1. Let s be u(3). Let x = 4 - s. Let p(z) = -31*z**3 + z**2 - 2*z - 2. List the prime factors of p(x).
2
Let r(g) = 413*g + 128. Suppose 6*u - 11*u + 3*b = -24, 0 = 5*u - 4*b - 27. What are the prime factors of r(u)?
1367
Suppose 31582 = 4*m + 4*m - 10274. List the prime factors of m.
2, 3, 109
Let i = 84 - 147. Let z = -60 - i. Suppose 0 = 5*r - 52 - z. List the prime factors of r.
11
Let r(d) = -39*d**2 + 2*d + 1. Let u be r(-1). Let b = 72 + u. What are the prime factors of b?
2
Let v = 124 + -121. Suppose -3*j + b = -42, -2*b - v*b + 30 = j. List the prime factors of (66*j)/5 + -3.
3, 5, 13
Suppose 5*c - 55 = 5*h, 0*h = -c - 3*h + 7. Let g = c - 3. Suppose g*t = 11*t - 156. List the prime factors of t.
3, 13
Suppose -3019 = -2*c - q, 23*q - 6044 = -4*c + 19*q. List the prime factors of c.
2, 13, 29
Let r be -12 - (0/(-2 - 2) + 0). Let m = r - -12. Suppose -3*c - 3*x = -243, 3*c + m*x - 233 = -x. List the prime factors of c.
2, 19
Let r = 9059 + -3557. List the prime factors of r.
2, 3, 7, 131
Let p(y) be the second derivative of -7*y**3/2 - 79*y**2 - 23*y. What are the prime factors of p(-15)?
157
Let r be (-1 + 44)*(-31 - -43). Suppose 0*p + 3*p = 27. Suppose -5*n + p*n = r. List the prime factors of n.
3, 43
Let h be ((-10)/1)/2 + 0 + 1. Let w be 3 + h/(3 + 1). What are the prime factors of ((-935)/(-5) - (-8)/w) + -2?
3, 7
Let k(a) = -1680*a - 567. List the prime factors of k(-5).
3, 7, 373
List the prime factors of (1135120/(-420))/(4/(-6)).
2, 2027
Suppose 0 = 3*k - 8*k + 4*a + 43, -3*k - a = -36. Suppose -k*l + 13*l = 1328. List the prime factors of l.
2, 83
Let z = -4 + 8. Suppose 0 = -z*i - 4*w + 1276, 2*i - 700 = -5*w - 62. Suppose -4*h + 4 = 0, -3*f = f - 5*h - i. What are the prime factors of f?
3
What are the prime factors of ((-6)/(-5))/((-6623987)/828010 + 8)?
2, 2671
Let c(m) = m**2 - 8*m - 6. Let g be c(9). Suppose -6*l + 2248 = g*u - l, 3*u - 2252 = -4*l. List the prime factors of u.
2, 3, 7
Suppose 5*y + 0 - 15 = -5*p, 3*p + 5*y - 11 = 0. Let o be p + 6*(-4 + (-10)/(-3)). List the prime factors of 62 + -22 + (o - -1).
3, 13
Let x(n) = -2*n**2 + 444*n - 137. List the prime factors of x(141).
5, 19, 239
Let n(s) = 14*s**2 - 42*s - 3. List the prime factors of n(26).
8369
List the prime factors of (2 - (-8)/(-12))/(-2 - 42868/(-21432)).
2, 19, 47
Let m(q) = -q - 22. Suppose 0 = -5*k - 2*u + 11, 9 = 5*k - u - 8. Let t be 714/28*(1 + (-7)/k). What are the prime factors of m(t)?
2, 3
Suppose 0 = -6*n + 9*n - 9. List the prime factors of (n/2)/(-2 + (-4235)/(-2110)).
211
Suppose -4*b - 42 = -1034. Let s = -147 + b. What are the prime factors of -1*(4 + -6 - s)?
103
List the prime factors of 10057 + (39/(-104) - (-105)/24).
10061
Suppose 2*i - 4*x = 51386, 15*x - 16*x + 77100 = 3*i. Suppose 0 = -15*c + i - 1114. What are the prime factors of c?
11, 149
What are the prime factors of 4892212/78*(-78)/(-169)?
2, 7237
Let c = -1698 - -3244. Suppose 3*s = 10*k - 5*k + c, 2*s + k - 1022 = 0. List the prime factors of s.
2
Let b be (9 + -2)*12/21. Suppose 5*d = b*o - 1 - 5, 5*d - 3*o + 2 = 0. Suppose -d*a = 2*c - 210, 0*c + 204 = 2*c + 5*a. What are the prime factors of c?
107
Let w(d) = 191*d - 22. Suppose 3*f + 6 = 5*f. Let i be w(f). Suppose -5*a + 3*l + i = 0, 119 = 2*a - a - 5*l. List the prime factors of a.
109
Let w(u) = u**3 - 14*u**2 + 2*u - 27. Let l(b) = -133*b**3 - 32 + 112 + 130*b**3 - 7*b + 42*b**2. Let d(t) = -4*l(t) - 11*w(t). List the prime factors of d(14).
61
Let g be (26/4 - 8) + (-6)/(-4). Suppose 9*p = 5*p - 5*x + 1801, g = 3*p + 4*x - 1350. List the prime factors of p.
2, 227
Suppose -47*o - 28 = -51*o. Suppose -o*i - 34 = 22. Let s(x) = -x**2 - 22*x - 21. List the prime factors of s(i).
7, 13
Let v(w) = 38*w. Let o(i) = i - 8. Let n be o(5). Let c be v(n). Let t = 181 + c. What are the prime factors of t?
67
Let c = 6 - 3. Suppose -y + r = -0*r + 1, c*r = 4*y + 7. Let b = y - -93. List the prime factors of b.
89
Suppose 2*u + 2*u = -4*l + 26212, 2*l = 5*u + 13127. What are the prime factors of l?
2, 11, 149
Let d(g) be the second derivative of 2*g**4 - 53*g**3/6 - 5*g**2/2 - 56*g. List the prime factors of d(6).
541
Let x(c) = -c**3 + 29*c**2 + 21*c + 31. Let n be x(27). Suppose -n = -2*j + 13*k - 11*k, -3*j - 2*k + 3089 = 0. List the prime factors of j.
3, 7
Suppose 2*c = -2*c + 64. Suppose 1746 = c*a - 13*a. Let m = -407 + a. List the prime factors of m.
5, 7
Let f be ((-44)/77)/((-1)/7) + -1. Suppose 4*m + 850 = 2*n, -5*n - f*m = m - 2069. What are the prime factors of n?
3, 139
Let d = 5490 - 2582. Suppose b = 5*v - d, -3*v - v - b + 2321 = 0. List the prime factors of v.
7, 83
Let s = -186 + 190. Suppose -2*d = 2*k - 1826, k + 915 = -3*d + s*d. What are the prime factors of d?
2, 457
Suppose 3*a = -2*m + 37827, 50436 = -15*a + 19*a + 6*m. List the prime factors of a.
3, 467
Suppose -4*q - 5 = -g, -4*g = q - g - 15. Suppose q = -2*z - 3*s + 504, 0 = -5*z - 3*s - s + 1246. List the prime factors of z.
2, 3, 41
Let w = -36 + 26. Let u be -6 + 3 - (w + -1). What are the prime factors of (60/(-8))/((-6)/u)?
2, 5
Suppose -333*o + 100902 = -329*o - 38630. What are the prime factors of o?
34883
Let q be (-2)/11 + (-455)/(-143). Suppose p + s - 351 = 0, -p + 229 = -q*s - 106. Let f = p + -220. List the prime factors of f.
127
Let h = -1612 + 1662. List the prime factors of h.
2, 5
Suppose 0*d - d = 2*q - 8257, 20 = -5*q. List the prime factors of d.
3, 5, 19, 29
Let x = 21046 + -14673. What are the prime factors of x?
6373
Let a be (-8)/(-18) + 76930/126. Let h = a + -288. List the prime factors of h.
17, 19
Let w be (-12 - -8)*-18*(-210)/(-1). Suppose -68*t - w = -82*t. List the prime factors of t.
2, 3, 5
Suppose 46*t + 278108 = 4*j + 48*t, 0 = -4*j + 5*t + 278080. What are the prime factors of j?
3, 5, 103
Let z(l) = -l**3 + 49*l**2 - 126*l + 57. List the prime factors of z(41).
31, 269
Let w(y) = 5*y**2 - 5. Let n be w(-2). Suppose 0 = -7*u + 6*u - 158. Let v = n - u. List the prime factors of v.
173
Let g = -3 + 15. Let a(u) = 24*u**3 + 5 + 0 + 3 + 2*u + 2*u**2 - g. What are the prime factors of a(2)?
2, 5
Suppose -y = 5*t - 2*t - 46531, -4*t = 3*y - 62053. What are the prime factors of t?
2, 3877
Let t(b) = 1768*b**2. Let a be t(1). Let w be (-4 - -3)*-31 + (-40)/5. Suppose -a = -w*c + 15*c. List the prime factors of c.
13, 17
Let v(o) = 16*o - 7. Suppose -4*x = 5*t - 114, 0 = 5*t + 4*x - x - 118. List the prime factors of v(t).
409
What are the prime factors of 10 - 364/(-42)*3864?
2, 3, 1861
Let p(j) = -198 + j**2 + 22*j - 38*j + 23*j + 70. List the prime factors of p(-21).
2, 83
Suppose -1755 = 42*l - 43*l. Let s = -751 + l. List the prime factors of s.
2, 251
Let l be 3/2*(-1744)/(-12). Let u = -148 + l. Suppose -u = -2*k + 38. What are the prime factors of k?
2, 3
Let o(n) be the second derivative of n**4/12 - 5*n**3/2 + 4*n**2 - 7*n. Let k be o(19). Suppose 396 = 5*c - k. What are the prime factors of c?
2, 3
Let d(l) be the first derivative of 3*l**3 + l**2/2 + 33*l - 53. What are the prime factors of d(-9)?
3, 251
Let g(n) = 594*n + 4125. List the prime factors of g(20).
3, 5, 11, 97
Suppose 3 = 2*z - 9. Suppose 0 = -z*f + 10*f - 2064. Suppose -4*i - 5*l + 876 = 207, 0 = -3*i + l + f. List the prime factors of i.
3, 19
Let h(g) = 10*g - 140. Let v(f) = -f**2 - 10*f + 25. Let u be v(-10). What are the prime factors of h(u)?
2, 5, 11
Suppose 5*y - 10 = -3*n, 5*n - 5*y = -0*n + 30. Suppose h - 142 = -h + q, 358 = n*h - 4*q. Suppose 0 = -12*f + h + 482. List the prime factors of f.
2, 23
Let k be 9 + (-7)/(21/18). Suppose -3*u + 5*u - k*b - 354 = 0, -2*u + 354 = 5*b. List the prime factors of u.
3, 59
Let n(a) = 44*a + 49. Let b(l) = 9 - 4*l + 3*l - 7. Let c(z) = -5*b(z) - n(z). List the prime factors of c(-8).
11, 23
Let r(x) = x**2 + x - 4. Let a be r(-3). Let t = 17 + -12. What are the prime factors of a*(10/t + 40)?
2, 3, 7
Let x(b) = 293*b**2 - 32*b - 794. List the prime factors of x(-11).
157, 223
Let v = -1293 - -1815. Suppose 51*k - 654 = 46*k + 2*a, -v = -4*k + a. What are the p